3 - 4*j**2 - 28*j - 36. Calculate the remainder when g(-2) is divided by 34.
24
Let k = -334 + 341. Suppose -r - 3 = 0, 42*u - 3 = 39*u - 2*r. Calculate the remainder when k is divided by u.
1
Suppose -7*l - 12 = 9. What is the remainder when 110 is divided by l*(1/(9/(-93)) + 4)?
15
Let y be (-21)/6 - 6/(-4). Let x be (-7 - -7)*1/y - -26. Let w = 52 - x. Calculate the remainder when w is divided by 7.
5
Let s = -720 + 723. Suppose -3*w + 51 = -s*k, -4*k = 5*w + k - 115. What is the remainder when 74 is divided by w?
14
Let g(v) = -101*v + 3. Suppose 334 = 6*a + 10. Calculate the remainder when g(-1) is divided by a.
50
Let r(a) = -2*a - 26. Let l = 15 - -4. Suppose 0 = -j + 4*o - l, 3*j + 27 + 30 = -3*o. Calculate the remainder when 22 is divided by r(j).
10
Let q = -88 - -97. Suppose -q*c + 7*c + 192 = 0. Suppose -2*k = -8*k + c. What is the remainder when 78 is divided by k?
14
Let o be 6 - 2 - (-2 - -3). Suppose -o*u + 31 = -2. Let a = 25 - u. What is the remainder when 41 is divided by a?
13
What is the remainder when (1/((-2)/(-264)))/((-47)/44744*-56) is divided by 320?
4
Suppose -5*o + 429089 + 49981 = 25*o. What is the remainder when o is divided by 11?
8
Let p = -3882 - -4174. What is the remainder when p is divided by 36?
4
Suppose 11*j + 10*j + 7014 = 0. Let b = 347 + j. What is the remainder when 37 is divided by b?
11
What is the remainder when 1684 is divided by 3 + 1 - -4 - ((-1393)/(-7))/(-1)?
28
Let a = -942 + 955. Suppose 10*d = a*d - 3*z - 144, d + 5*z = 36. Calculate the remainder when d is divided by 15.
1
Suppose -3*w + 64*v + 66 = 61*v, 5*w + v = 80. What is the remainder when (-266)/(-12) + 6/(-36) is divided by w?
5
Let g(v) be the first derivative of -5*v**2 - 16*v - 78. Calculate the remainder when 41 + 2 + 4/(-2) is divided by g(-3).
13
Let l(g) = 2*g**2 - 5*g - 15. Calculate the remainder when 444 is divided by l(-3).
12
Suppose 34 = v - 4*t, 3*v - v = -t + 50. Let j = 5918 - 5901. Calculate the remainder when v is divided by j.
9
Let z = -34 - -48. Suppose z*d = 2*d - 828. Let u = d - -108. What is the remainder when u is divided by 20?
19
Suppose 8 = 2*w + 5*u - 0*u, 2*u - 4 = 0. Let x be (-9)/w + (-70)/14. Suppose -x*y + 95 + 737 = 0. What is the remainder when y is divided by 35?
33
Suppose 5*h + 4*i - 320 = 0, 2*h - 4*i = -h + 192. Let m = -28 + h. What is the remainder when ((-6909)/28)/(-7)*4 is divided by m?
33
Let i = 4959 - 4937. Let z(w) = 6*w**2 + 2*w + 1. What is the remainder when i is divided by z(-2)?
1
Suppose -b = -3*q - 5*b + 837, 0 = 2*q + 5*b - 558. Let z = -219 + q. Calculate the remainder when z is divided by 16.
12
Suppose -u + 3*z + 20 = 0, -u - 2*z = 3*z + 12. Let s(d) = 2*d**3 - 10*d**2 + 4*d + 3*d - 7*d**2 + d + 7. Calculate the remainder when 88 is divided by s(u).
4
Let i(g) = 20*g - 7. Let b be (-5688)/(-468) - (-2)/(-13). Suppose 285 = b*o + 93. Calculate the remainder when i(5) is divided by o.
13
Calculate the remainder when 265*(0 - 92/(-8) - 13/(-26)) is divided by 86.
84
Let o = -264 + 269. What is the remainder when 26 is divided by o?
1
Let o = 10 + 7. Suppose -4*r - o = -77. Calculate the remainder when 57 is divided by r.
12
What is the remainder when 2163 is divided by 73 - -3 - 92/(-552)*(-37 + 1)?
63
Let i(g) be the first derivative of -g**2/2 + 14*g - 1. Let q = -218048 - -218087. Calculate the remainder when q is divided by i(0).
11
Let v(f) = -3*f**2 - 143*f - 80. What is the remainder when 2141 is divided by v(-47)?
13
Let o(x) = 1317*x**3 - x**2 + 11*x - 11. Let s be o(1). Suppose -21*l + 35*l = s. What is the remainder when l is divided by (-1)/5 - (-244)/20?
10
What is the remainder when 2 - ((-29898)/(-11))/(-9) is divided by 61?
60
Let d = -29 - -128. Let z = 836 + -516. Calculate the remainder when d is divided by (2/4)/(8/z).
19
Suppose -206 = -a - 29*q + 26*q, a = -5*q + 192. Calculate the remainder when 3157 is divided by a.
206
Suppose 0 = 3*a - 9*a - 33*a + 156. Suppose -11 = -0*x - 2*x + t, -x - 2*t - 7 = 0. Calculate the remainder when a is divided by x.
1
Suppose 31*s - 13205 - 1737 = 0. Calculate the remainder when 3379 is divided by s.
5
Let s be 13/4*8/2. Suppose -357 - 462 = -21*f. Let k = f - s. Calculate the remainder when 51 is divided by k.
25
Suppose 12*f - 82 = 146. Let i be 3351/21 + -1 - (-6)/14. Suppose -l = 3*w - 153, l + 2*l - i = -3*w. What is the remainder when w is divided by f?
12
Let i be 7/(21/15)*1. Suppose -i*n - 29 = -59. Calculate the remainder when 25 is divided by ((-56)/n)/(4/(-6)).
11
Suppose -41*t + 43*t = -14, 8*a = 3*t + 7757. Calculate the remainder when a is divided by 108.
103
Suppose 3*l = 3*r + 831, 4*r + 1309 = 5*l + 197. Let i = 376 + r. Calculate the remainder when i is divided by 35.
33
Calculate the remainder when (-365310)/(-492) + (27/6 - 3) is divided by 10.
4
Calculate the remainder when 424 is divided by 780/8 - (-37)/(-74).
36
Let a = 206 + 90. Suppose 3*b - a = -260. What is the remainder when 164 is divided by b?
8
Let b be 2/8*-2*(-192)/(-16). Calculate the remainder when 4/b - (-4 + (-1360)/15) is divided by 32.
30
Let p(o) = -o**3 + 3*o**2 - o + 1. Suppose 5*v = d - 3*d + 94, -3*d = 3*v - 132. Let b = 44 - d. What is the remainder when 7 is divided by p(b)?
1
Let f be (4/2)/((-12)/(-18)). Suppose 0 = -3*s - 5*m + 111, f*s - m - 14 = 79. What is the remainder when (3 + 33/(-9))/(6/(-567)) is divided by s?
31
Suppose 0 = 4*p + 6*p - 900. Suppose -15*w + 12*w + p = 0. Calculate the remainder when 117 is divided by w.
27
Let c = 4284 - 4243. Suppose u - 140 = -u. Suppose 0 = 4*i - i + 3*b - 24, 5*i = 5*b + u. Calculate the remainder when c is divided by i.
8
Suppose 0 = -t - 2*t, -t - 153 - 39 = -b. What is the remainder when b is divided by 131?
61
Calculate the remainder when (1308/30)/(5 - (-46)/(-10)) is divided by 37.
35
What is the remainder when 28/12 + (-3962)/(-21) + -2 is divided by 87?
15
Suppose 70*c - 9882 = 13*c - 24*c. Calculate the remainder when 477 is divided by c.
111
Let p = 40 + -5. Let g be ((-42)/p)/(2/(-5)). Calculate the remainder when (4/6)/(392/(-132) + g) is divided by 13.
9
Suppose 2*g - 12 = -2*n, 0*n - 5*n = -20. Suppose 2*f - 31 = b - 24, f - 7 = -3*b. What is the remainder when f is divided by g?
0
Let h(y) = 11*y**3 + 76*y**2 - 23*y - 34. Calculate the remainder when 376 is divided by h(-7).
64
Let l(d) = d**2 + 6*d - 47. Suppose x + 347 = 2*x. What is the remainder when x is divided by l(-12)?
22
Suppose -678*v - 4*y + 657 = -673*v, 2*y - 6 = 0. What is the remainder when 1293 is divided by v?
3
Let y(j) = 28*j**2 - j - 1. Calculate the remainder when y(2) is divided by 688/602*(0 + 14).
13
Suppose 2*y = -2196 + 2944. What is the remainder when 4119 is divided by y?
5
Let y = -5408 - -6245. Calculate the remainder when 855 is divided by y.
18
Suppose 4*y + 8*h - 21 = 3*h, -4*h + 20 = 0. Let l(f) = f**2 - f - 78. Let k be l(0). What is the remainder when 48 is divided by (-1*3 - y)/(12/k)?
9
Suppose -4*w = h - 522 - 1706, -w + 4*h = -540. Suppose 20*t - w = 944. What is the remainder when 213 is divided by t?
63
Let b = -9052 - -9406. What is the remainder when b is divided by 309?
45
Let q = 176 - 2. Let s = -154 + q. Calculate the remainder when s is divided by 4.
0
Let t(a) = 3*a**3 + 2*a - 1. Let k(o) = -13*o - 55. Let r be k(-10). Let p = -24 + r. Calculate the remainder when p is divided by t(2).
24
Suppose -3*h = -15, j - 3*h - 17 = -72. Let z = j + 33. Let b(i) = -i + 6. What is the remainder when 21 is divided by b(z)?
8
Let v(k) be the second derivative of k**4/6 - k**3 - 15*k**2/2 + k. Calculate the remainder when v(10) is divided by 1500/70 + 2/((-14)/3).
20
Let b(f) = -f**2 + 129*f - 3766. What is the remainder when b(82) is divided by 60?
28
Let m = -311 + 275. What is the remainder when (m/16)/(75/(-24) + 3) is divided by 11?
7
Suppose 5*a + 5 = 0, -4*a = -y - 2*y + 160. Calculate the remainder when y + 0 - (13 - 16) is divided by 22.
11
Suppose -5*b = -45 + 15. Let d be (-1)/((1 - 0)/(-11)). Suppose 0 = 5*v + 5*w - 90, 14*v - d*v - 36 = 3*w. Calculate the remainder when v is divided by b.
3
Suppose -25*i - 16835 = -38*i. Calculate the remainder when i is divided by 50.
45
Let i be 116/(-145)*(-45)/2. Calculate the remainder when 97 is divided by 312/2